atest common factor of 23 and d?
23
Let h be (3 + (-4)/2)*2. Suppose 0 = q - 3*q + 2*m + 34, -h*m = 3*q - 61. Let a be (-2)/(-6) - 284/(-3). Calculate the greatest common factor of a and q.
19
Let i(l) = 3*l**2 + 4*l - 10. Let u be i(2). Let v = 2 + 3. Calculate the highest common divisor of u and v.
5
Let q = 358 + -253. What is the highest common factor of 30 and q?
15
Suppose 231 = 4*p + 4*v + 83, 5*p - 182 = -2*v. Let s be (-5)/10*(-1 - 11). Calculate the greatest common factor of p and s.
6
Let m(k) = 4*k**2 - 27*k - 57. Let w be m(9). What is the highest common divisor of 552 and w?
24
Let s(r) = r**3 + 2*r + 16. Let j be s(0). Let h = 23 + j. Suppose -2*m - 51 = -6*m + g, -g = -3*m + 38. Calculate the highest common divisor of m and h.
13
Let h be (-3 - -2) + 11 + 2. Suppose -h = 3*p, 5*q + p = -4*p - 30. Let u be -30*q*(-2)/(-8). Calculate the highest common divisor of 135 and u.
15
Suppose 7*a + 5*s - 545 = 5*a, 4*s - 280 = -a. Let k = 97 - 71. Calculate the highest common factor of k and a.
26
Suppose -36*g + 8 = -32*g. Suppose -d - 26 = -g*d. What is the greatest common divisor of d and 13?
13
Let w(r) = r**3 - 11*r**2 - 12*r + 3. Let q be w(12). Suppose -j + q = -4. What is the highest common factor of 7 and j?
7
Let z(h) = h**3 - 2*h**2 + 2*h - 2. Let a be z(2). Suppose 0*r + 102 = -a*r. Let l = r + 87. Calculate the greatest common factor of l and 24.
12
Suppose -446*y + 449*y = 9744. Calculate the highest common factor of y and 56.
56
Let n = 612 + -590. What is the greatest common factor of n and 550?
22
Let z be (-63)/(-6)*15/(-5)*-2. What is the greatest common factor of 609 and z?
21
Let m be 0/(25/(-5)) - -6. Suppose -9 = -3*x - 0. Suppose 17 = x*g - 19. Calculate the highest common factor of g and m.
6
Let l be 1*5*(-1)/((-45)/324). Calculate the greatest common divisor of l and 24.
12
Let b(i) = -i**2 + 45*i - 416. Let m be b(31). Let a be (2 - (0 + -1))/1. Calculate the greatest common factor of m and a.
3
Suppose -3*n + 41 = -2*n. Suppose n = 2*j - 33. Suppose -5*r - 3*o = -j, o - 2*o - 11 = -3*r. Calculate the greatest common factor of 40 and r.
5
Suppose -2*h + 81 = -5*l, -5*h - 5*l + 43 + 212 = 0. Calculate the highest common factor of h and 3.
3
Let b(k) = -28*k - 155. Let f be b(-6). What is the highest common divisor of 2093 and f?
13
Let d = 333 + -107. Calculate the highest common divisor of 565 and d.
113
Let q = 994 - 912. Calculate the greatest common divisor of q and 943.
41
Let b(h) = -3*h**2 + 19*h + 28. Let l be b(7). Let i(x) = x**3 + 11*x**2 + 10*x + 14. Let z be i(-10). Calculate the greatest common divisor of z and l.
14
Suppose -j - 36*u + 3 = -41*u, 0 = 3*j + 5*u - 69. Calculate the greatest common factor of j and 1098.
18
Suppose 0 = 2*g - q + 37, -3*g - 3*q - 42 = -0*g. Let d be 44/(g/(-4) - 4). Calculate the greatest common divisor of d and 16.
16
Suppose -7*i = -31 + 10. Suppose 14 = 4*y + 2, -321 = -i*u + 3*y. What is the highest common factor of u and 10?
10
Let m be -3 - (-7 + (-4 - 24)). Calculate the greatest common divisor of 96 and m.
32
Let v be ((-19)/38)/((-2)/48). Suppose 76 = s + 4*i, 177 = 2*s + 2*i + i. Calculate the highest common factor of s and v.
12
Let a be ((-35)/10)/(2*(-2)/8). What is the highest common divisor of 511 and a?
7
Suppose -3*y + 3*u = -87, 0 = -5*u - 38 + 13. Suppose -4 = -2*w + 4*a, 2*a = 3*w - 2*a - 12. What is the highest common divisor of w and y?
8
Let w = 21 + -11. Suppose -14*x = -w*x - 92. Suppose 2*u = 48 + 90. Calculate the highest common factor of x and u.
23
Let b(n) = -n**2 - 6*n - 5. Let c be b(-4). Let y be (-1)/(c/(-99)) - 0. Suppose -q + 7 + 4 = 0. Calculate the greatest common divisor of y and q.
11
Let d = 20 + -16. Suppose -70 = -d*c + 130. What is the highest common divisor of 10 and c?
10
Let q(p) = 6*p**2 + 18*p - 15. Let o be q(-7). What is the highest common factor of o and 204?
51
Suppose 0 = 8*m - 7*m + 2*a - 140, -2*m - 2*a + 278 = 0. Calculate the greatest common divisor of 6 and m.
6
Let s = -14 + 21. Let i(o) = -5*o**3 + 12 + 7*o**3 - 3*o**3 - o**2 + s*o. Let f be i(-5). Calculate the highest common factor of f and 7.
7
Let j(q) = 395*q - 208. Let y be j(5). Calculate the greatest common factor of 93 and y.
93
Let d be (624/(-15))/(32/(-160)). Calculate the highest common divisor of d and 26.
26
Let g be 45 - (1 - (3 + -1)). Suppose g = 2*r - 26. Let k(b) = b**3 - 5*b**2 - 4*b - 8. Let a be k(6). What is the greatest common divisor of a and r?
4
Suppose -5*w + 74 = 19. Suppose 10*j - 6*j - 4*h - 472 = 0, 5*j - 602 = h. Calculate the greatest common divisor of j and w.
11
Suppose -3*l - 4*s + 11 = 0, -l + 239 = -3*s + 218. Calculate the highest common divisor of l and 567.
9
Let j be 24/1 + 21/(-7). Let z be (j/(-28))/((-1)/4). Let f(y) = 6*y - 3. Let p be f(3). Calculate the highest common divisor of p and z.
3
Suppose 628 = 31*c - 240. What is the greatest common factor of c and 448?
28
Let h = -272 + 420. Suppose -3*q - 13 = -h. Calculate the greatest common factor of 5 and q.
5
Suppose -5*o + 65 = 5. Suppose 0 = x - 3*x - o. Let r be 5/15 - 4/x. What is the greatest common divisor of 9 and r?
1
Suppose -z - 2*l - 1 = 0, -3*z + l - 4 = -8*z. Let g be z*(3 - 6) - -3. Suppose 4*u + 0*u - 44 = g. Calculate the greatest common divisor of u and 44.
11
Suppose 5*s + c - 304 = 0, -s + 6*s + 2*c = 308. Let v = -40 + s. Calculate the highest common factor of v and 12.
4
Let o(w) = w**2 - 7*w + 14. Suppose 5*f = 2*t - 27, 2*f + 6 = -0*f. Let k be o(t). Calculate the highest common divisor of k and 20.
4
Suppose 0 = 2*s + 3*h + 11 + 15, h - 13 = s. Let l = s - -17. Suppose 12 = -2*p + 3*p. What is the highest common divisor of p and l?
4
Suppose -4*c + 0*c - 20 = 0. Let f be (0/(-4 - c))/1. Suppose -3*k + 4*s + 22 - 6 = f, 0 = -4*k - 4*s + 68. What is the highest common factor of 36 and k?
12
Let n = 5 - 1. Suppose -2*t + 96 = -n*j, 4*t + 5*j - 94 = 46. Suppose 0*f - t = -5*f. What is the highest common divisor of 32 and f?
8
Suppose 22*d - 14430 = -17*d. Calculate the highest common divisor of d and 666.
74
Let j(r) = r**2 - 14*r + 20. Let k be j(12). Let z = -18 - -6. Let f be (8/z)/(k/42). Calculate the highest common factor of f and 21.
7
Let r(f) = -8 + 8 + 15 + 0*f - 5*f. Let t be r(-5). What is the greatest common divisor of t and 120?
40
Let k = -1838 - -2378. Calculate the highest common factor of k and 40.
20
Suppose 0*t + 3*t + 163 = 5*v, -v - t = -39. Let z(j) = j**2 - j + 1. Let k be z(1). Suppose -4*o = -57 + k. What is the highest common divisor of o and v?
7
Suppose 6*p + 17 - 71 = 0. Suppose p*d - 8*d = 6. What is the highest common divisor of 18 and d?
6
Let o(j) = 85*j - 8. Let v(i) = 11 + 2 - 4 - 84*i + 0. Let s(g) = 7*o(g) + 6*v(g). Let h be s(2). What is the highest common divisor of h and 20?
20
Let s(p) = -59*p + 5. Let h be s(4). Let m = -163 - h. Suppose 9*x - 348 = 4*x - 3*y, x - m = -y. What is the highest common factor of x and 12?
12
Suppose 0 = -5*h, 4*n - 3*h = -4*h + 88. Let o(t) = -t**2 + 7*t + 82. Let z be o(12). Calculate the highest common factor of z and n.
22
Let i = -9 + 39. Let q = -1254 - -1329. What is the greatest common divisor of i and q?
15
Let p be (-8 - -7)*(0 - -1). Let o be (0/6)/(p + 3). Suppose o = t - 3 - 0. Calculate the greatest common factor of 15 and t.
3
Suppose -5*i + 94 = -6. Let g = 560 - 311. Suppose 4*q = -3*t + g, 6*q + 2*t - 306 = q. Calculate the highest common divisor of i and q.
20
Let j(q) = q**2 - 2*q - 4. Let u be j(-4). Let f be 2 + (-12 - -4) + -2. Let z be f/(-6)*(4 - 1). What is the highest common divisor of z and u?
4
Let y(q) = -42*q + 317. Let o be y(6). Calculate the highest common divisor of o and 10.
5
Let c be -3 + 2/2 + (-217)/(-7). Calculate the highest common factor of 145 and c.
29
Suppose -q = 8 - 16. Calculate the highest common factor of 20 and q.
4
Let z be (-8)/6 + 1449/(-27). Let h = z - -97. What is the greatest common divisor of h and 6?
6
Suppose -162 = 4*g - g. Let o = g + 33. Let n = o - -42. Calculate the highest common factor of n and 21.
21
Suppose 0 = 9*m - 7*m - b - 321, 0 = 2*m - 3*b - 323. Calculate the highest common factor of m and 16.
16
Let o = -62 - -98. What is the greatest common factor of 4 and o?
4
Let s be 13 + (-9189)/(-